{"id":415,"date":"2024-04-07T18:46:31","date_gmt":"2024-04-07T18:46:31","guid":{"rendered":"https:\/\/mon-site-web-associatif.fr\/?page_id=415"},"modified":"2024-04-07T19:08:52","modified_gmt":"2024-04-07T19:08:52","slug":"mentions-legales","status":"publish","type":"page","link":"https:\/\/mon-site-web-associatif.fr\/index.php\/mentions-legales\/","title":{"rendered":"Mentions l\u00e9gales"},"content":{"rendered":"\t\t<div data-elementor-type=\"wp-page\" data-elementor-id=\"415\" class=\"elementor elementor-415\">\n\t\t\t\t<div class=\"elementor-element elementor-element-c0ac915 e-flex e-con-boxed e-con e-parent\" data-id=\"c0ac915\" data-element_type=\"container\">\n\t\t\t\t\t<div class=\"e-con-inner\">\n\t\t\t\t<div class=\"elementor-element elementor-element-b6763c6 elementor-widget elementor-widget-spacer\" data-id=\"b6763c6\" data-element_type=\"widget\" data-widget_type=\"spacer.default\">\n\t\t\t\t<div class=\"elementor-widget-container\">\n\t\t\t\t\t\t\t<div class=\"elementor-spacer\">\n\t\t\t<div class=\"elementor-spacer-inner\"><\/div>\n\t\t<\/div>\n\t\t\t\t\t\t<\/div>\n\t\t\t\t<\/div>\n\t\t\t\t\t<\/div>\n\t\t\t\t<\/div>\n\t\t<div class=\"elementor-element elementor-element-71d327e e-flex e-con-boxed e-con e-parent\" data-id=\"71d327e\" data-element_type=\"container\">\n\t\t\t\t\t<div class=\"e-con-inner\">\n\t\t\t\t<div class=\"elementor-element elementor-element-a789dea elementor-widget elementor-widget-heading\" data-id=\"a789dea\" data-element_type=\"widget\" data-widget_type=\"heading.default\">\n\t\t\t\t<div class=\"elementor-widget-container\">\n\t\t\t\t\t<h2 class=\"elementor-heading-title elementor-size-default\">Mentions l\u00e9gales\n\n<\/h2>\t\t\t\t<\/div>\n\t\t\t\t<\/div>\n\t\t\t\t\t<\/div>\n\t\t\t\t<\/div>\n\t\t<div class=\"elementor-element elementor-element-3872735 e-flex e-con-boxed e-con e-parent\" data-id=\"3872735\" data-element_type=\"container\">\n\t\t\t\t\t<div class=\"e-con-inner\">\n\t\t\t\t<div class=\"elementor-element elementor-element-6b8f0e8 elementor-widget-divider--view-line elementor-widget elementor-widget-divider\" data-id=\"6b8f0e8\" data-element_type=\"widget\" data-widget_type=\"divider.default\">\n\t\t\t\t<div class=\"elementor-widget-container\">\n\t\t\t\t\t\t\t<div class=\"elementor-divider\">\n\t\t\t<span class=\"elementor-divider-separator\">\n\t\t\t\t\t\t<\/span>\n\t\t<\/div>\n\t\t\t\t\t\t<\/div>\n\t\t\t\t<\/div>\n\t\t\t\t\t<\/div>\n\t\t\t\t<\/div>\n\t\t<div class=\"elementor-element elementor-element-72b1078 e-flex e-con-boxed e-con e-parent\" data-id=\"72b1078\" data-element_type=\"container\">\n\t\t\t\t\t<div class=\"e-con-inner\">\n\t\t\t\t<div class=\"elementor-element elementor-element-16ba54a elementor-widget elementor-widget-spacer\" data-id=\"16ba54a\" data-element_type=\"widget\" data-widget_type=\"spacer.default\">\n\t\t\t\t<div class=\"elementor-widget-container\">\n\t\t\t\t\t\t\t<div class=\"elementor-spacer\">\n\t\t\t<div class=\"elementor-spacer-inner\"><\/div>\n\t\t<\/div>\n\t\t\t\t\t\t<\/div>\n\t\t\t\t<\/div>\n\t\t\t\t\t<\/div>\n\t\t\t\t<\/div>\n\t\t<div class=\"elementor-element elementor-element-cdbab61 e-flex e-con-boxed e-con e-parent\" data-id=\"cdbab61\" data-element_type=\"container\">\n\t\t\t\t\t<div class=\"e-con-inner\">\n\t\t\t\t<div class=\"elementor-element elementor-element-2bb542c elementor-widget elementor-widget-text-editor\" data-id=\"2bb542c\" data-element_type=\"widget\" data-widget_type=\"text-editor.default\">\n\t\t\t\t<div class=\"elementor-widget-container\">\n\t\t\t\t\t\t\t\t\t<p><strong>Editeur <\/strong><\/p><p>Vous \u00eates actuellement connect\u00e9 sur le site Internet de l\u2019association Wing Chun &#8211; Tai Chi &#8211; Qi Gong Saulxures.<\/p><p>Directeur de la publication : Claude Gilles.<\/p><p>Conception du site Internet a \u00e9t\u00e9 r\u00e9alis\u00e9 par Adrien TROHA sous la direction de Claude Gilles<\/p><p>\u00a0<\/p><p><strong>H\u00e9bergement<\/strong><\/p><p>Le nom de domaine est r\u00e9serv\u00e9 par Hostinger<\/p><p>L&rsquo;h\u00e9bergement est confi\u00e9 \u00e0 Hostinger: https:\/\/www.hostinger.fr\/ Si\u00e8ge social : HOSTINGER INTERNATIONAL LTD, 61 Lordou Vironos Street, 6023 Larnaca, Chypre.<\/p><p>\u00a0<\/p><p><strong>Donn\u00e9es personnelles &amp; Protection de la vie priv\u00e9e<\/strong><\/p><p>En application de l&rsquo;article 27 de la Loi Informatique et Libert\u00e9 du 6 janvier 1978, vous disposez d&rsquo;un droit d&rsquo;acc\u00e8s et de rectification sur les donn\u00e9es vous concernant. Pour exercer ces droits, il vous suffit de nous contacter \u00e0 l&rsquo;aide du <u>formulaire de contact <\/u>afin d&rsquo;apporter les modifications n\u00e9cessaires :<\/p><p>Les donn\u00e9es nominatives que vous nous communiquez, ou collect\u00e9es via le fonctionnement du site ont pour objectif d&rsquo;assurer la bonne gestion de l\u2019association et de mieux r\u00e9pondre \u00e0 vos attentes. Aucunes de ces donn\u00e9es ne seront communiqu\u00e9es \u00e0 un tiers.<\/p><p><strong>Liens hypertextes<\/strong><\/p><p>Tous sites ayant un lien hypertexte avec le pr\u00e9sent site (un lien hypertexte ciblant le pr\u00e9sent site ou \u00e9tabli au d\u00e9part de celui-ci), ne sont pas sous contr\u00f4le de la soci\u00e9t\u00e9 qui d\u00e9cline toute responsabilit\u00e9 quant \u00e0 leur contenu. L\u2019utilisateur est seul responsable de leur utilisation.<\/p><p><strong>Contenus du site <\/strong><\/p><p>Sur ce site internet, la transmission de contenus mentionn\u00e9s ci-dessous est rigoureusement interdite.<\/p><p>Ainsi, les participants garantissent ne pas transmettre de contenus :<\/p><p>&#8211; au caract\u00e8re publicitaire d\u00e9guis\u00e9 ;<\/p><p>&#8211; au caract\u00e8re mensonger ou erron\u00e9 ;<\/p><p>Susceptibles de constituer une violation des droits de la propri\u00e9t\u00e9 litt\u00e9raire, artistique, des marques et industrielle ou d\u2019autres droits de tiers, tels le droit \u00e0 l\u2019image et le droit au respect de la vie priv\u00e9e ; \u00e0 caract\u00e8re injurieux, diffamatoire, calomnieux, raciste, x\u00e9nophobe, r\u00e9visionniste ou portant atteinte \u00e0 l\u2019honneur ou la r\u00e9putation d\u2019autrui. Incitant \u00e0 la discrimination, \u00e0 la haine d\u2019une personne ou d\u2019un groupe de personnes en raison de leur origine ou de leur appartenance ou de leur non-appartenance \u00e0 une ethnie, une nation, une race ou une religion d\u00e9termin\u00e9e ; mena\u00e7ant une personne ou un groupe de personnes ; portant atteinte \u00e0 l\u2019ordre public, passibles de poursuites civiles ou p\u00e9nales, ou de nature diffamatoire ; au caract\u00e8re anticonstitutionnel, extr\u00e9miste ou \u00e9manant de groupes interdits par la loi ; incitant \u00e0 un d\u00e9lit, au crime, au suicide et aux actes de terrorisme ou faisant l\u2019apologie des crimes, des actes de terrorisme, des crimes de guerre ou des crimes contre l\u2019humanit\u00e9 ; au caract\u00e8re pornographique, contraires aux bonnes moeurs ou attentatoires \u00e0 la dignit\u00e9 humaine ; permettant \u00e0 des tiers de se procurer directement ou indirectement des logiciels pirat\u00e9s, des num\u00e9ros de s\u00e9rie de logiciels, des logiciels permettant les actes de piratage et d\u2019intrusion dans les syst\u00e8mes informatiques et de t\u00e9l\u00e9communication, et d\u2019une mani\u00e8re g\u00e9n\u00e9rale tout outil logiciel ou autre permettant de porter atteinte aux droits d\u2019autrui et \u00e0 la s\u00e9curit\u00e9 des personnes et des biens ; comprenant des virus ou toute autre application qui serait de nature \u00e0 perturber ou \u00e0 endommager, les logiciels, le mat\u00e9riel informatique et les ordinateurs du Site ou de ses utilisateurs ; constituant des cha\u00eenes de lettres.<\/p><p>L\u2019utilisateur s\u2019engage \u00e0 respecter l\u2019image et la r\u00e9putation du Site et \u00e0 ne pas se livrer \u00e0 des d\u00e9clarations et\/ou des actions quelconques portant atteinte au Site.<\/p><p>En cas d\u2019atteinte aux lois en vigueur, aux bonnes moeurs, aux conditions pr\u00e9sentes d\u2019utilisation ou pour toute autre raison librement interpr\u00e9t\u00e9e, le Site se r\u00e9serve le droit de fermer ses espaces d\u2019expression pour une dur\u00e9e limit\u00e9e ou d\u00e9finitive et d\u2019en supprimer les informations et les renvois \u00e0 ces informations. Le Site se r\u00e9serve la possibilit\u00e9 discr\u00e9tionnaire de publier ou non vos avis ou sur ses espaces d\u2019expression (forums), de les modifier, de les adapter ou de les traduire en toute langue sous toutes formes et sur tous supports, de les conserver en ligne ou de les supprimer \u00e0 tout moment et sans avoir \u00e0 vous en tenir inform\u00e9.<\/p>\t\t\t\t\t\t\t\t<\/div>\n\t\t\t\t<\/div>\n\t\t\t\t\t<\/div>\n\t\t\t\t<\/div>\n\t\t\t\t<\/div>\n\t\t","protected":false},"excerpt":{"rendered":"<p>Mentions l\u00e9gales Editeur Vous \u00eates actuellement connect\u00e9 sur le site Internet de l\u2019association Wing Chun &#8211; Tai Chi &#8211; Qi Gong Saulxures. Directeur de la publication : Claude Gilles. Conception du site Internet a \u00e9t\u00e9 r\u00e9alis\u00e9 par Adrien TROHA sous la direction de Claude Gilles \u00a0 H\u00e9bergement Le nom de domaine est r\u00e9serv\u00e9 par Hostinger&#8230;<\/p>\n","protected":false},"author":1,"featured_media":0,"parent":0,"menu_order":0,"comment_status":"closed","ping_status":"closed","template":"","meta":{"_kad_post_transparent":"","_kad_post_title":"hide","_kad_post_layout":"fullwidth","_kad_post_sidebar_id":"","_kad_post_content_style":"unboxed","_kad_post_vertical_padding":"hide","_kad_post_feature":"hide","_kad_post_feature_position":"","_kad_post_header":false,"_kad_post_footer":false,"footnotes":""},"class_list":["post-415","page","type-page","status-publish","hentry"],"_links":{"self":[{"href":"https:\/\/mon-site-web-associatif.fr\/index.php\/wp-json\/wp\/v2\/pages\/415","targetHints":{"allow":["GET"]}}],"collection":[{"href":"https:\/\/mon-site-web-associatif.fr\/index.php\/wp-json\/wp\/v2\/pages"}],"about":[{"href":"https:\/\/mon-site-web-associatif.fr\/index.php\/wp-json\/wp\/v2\/types\/page"}],"author":[{"embeddable":true,"href":"https:\/\/mon-site-web-associatif.fr\/index.php\/wp-json\/wp\/v2\/users\/1"}],"replies":[{"embeddable":true,"href":"https:\/\/mon-site-web-associatif.fr\/index.php\/wp-json\/wp\/v2\/comments?post=415"}],"version-history":[{"count":19,"href":"https:\/\/mon-site-web-associatif.fr\/index.php\/wp-json\/wp\/v2\/pages\/415\/revisions"}],"predecessor-version":[{"id":438,"href":"https:\/\/mon-site-web-associatif.fr\/index.php\/wp-json\/wp\/v2\/pages\/415\/revisions\/438"}],"wp:attachment":[{"href":"https:\/\/mon-site-web-associatif.fr\/index.php\/wp-json\/wp\/v2\/media?parent=415"}],"curies":[{"name":"wp","href":"https:\/\/api.w.org\/{rel}","templated":true}]}}